the remainder when 147169 is divided by 20738.
2003
Calculate the remainder when 10829871 is divided by 921.
753
What is the remainder when 25557560 is divided by 485?
0
What is the remainder when 275791 is divided by 447?
439
Calculate the remainder when 1796254 is divided by 537.
526
Calculate the remainder when 413928 is divided by 221.
216
Calculate the remainder when 320860 is divided by 160357.
146
What is the remainder when 11552 is divided by 2603?
1140
What is the remainder when 3441984 is divided by 1142?
1138
What is the remainder when 35383 is divided by 2751?
2371
What is the remainder when 53299 is divided by 53272?
27
Calculate the remainder when 31905135 is divided by 599.
598
Calculate the remainder when 459270 is divided by 57407.
14
What is the remainder when 195405 is divided by 783?
438
What is the remainder when 5716941 is divided by 1905631?
48
Calculate the remainder when 177364 is divided by 88669.
26
Calculate the remainder when 55337 is divided by 9097.
755
What is the remainder when 27736 is divided by 27134?
602
What is the remainder when 1481612 is divided by 1481607?
5
What is the remainder when 2902114 is divided by 19?
16
Calculate the remainder when 113459677 is divided by 471.
16
Calculate the remainder when 3070059 is divided by 174.
3
What is the remainder when 469467223 is divided by 261?
259
What is the remainder when 122498401 is divided by 2533?
2521
Calculate the remainder when 11661797 is divided by 1617.
1610
Calculate the remainder when 84800576 is divided by 9422285.
11
Calculate the remainder when 6531675 is divided by 23080.
35
Calculate the remainder when 178609 is divided by 392.
249
Calculate the remainder when 32838 is divided by 10271.
2025
Calculate the remainder when 36843034 is divided by 124.
30
What is the remainder when 54202223 is divided by 141?
131
Calculate the remainder when 16730628 is divided by 52945.
8
Calculate the remainder when 334222279 is divided by 71.
3
Calculate the remainder when 84504 is divided by 1081.
186
Calculate the remainder when 419142 is divided by 1201.
1194
What is the remainder when 51807846 is divided by 32?
6
Calculate the remainder when 59213590 is divided by 11.
7
What is the remainder when 8341925 is divided by 48?
5
What is the remainder when 30090352 is divided by 14?
12
What is the remainder when 55791 is divided by 221?
99
What is the remainder when 1636066 is divided by 181782?
28
Calculate the remainder when 838974651 is divided by 2973.
2970
Calculate the remainder when 1554754 is divided by 14.
12
Calculate the remainder when 730281 is divided by 3192.
2505
Calculate the remainder when 1105469 is divided by 3697.
66
Calculate the remainder when 145006 is divided by 1124.
10
What is the remainder when 178040 is divided by 17801?
30
What is the remainder when 8161595 is divided by 16?
11
What is the remainder when 319301 is divided by 3062?
853
Calculate the remainder when 46473723 is divided by 4131.
4104
Calculate the remainder when 2027604 is divided by 11334.
10152
What is the remainder when 1474103 is divided by 245665?
113
What is the remainder when 14390218 is divided by 26?
24
Calculate the remainder when 534795 is divided by 1515.
0
Calculate the remainder when 182890 is divided by 29.
16
What is the remainder when 3604146 is divided by 2865?
2841
What is the remainder when 1238117 is divided by 5895?
167
What is the remainder when 1920864 is divided by 55?
44
What is the remainder when 231904 is divided by 17?
7
What is the remainder when 4740690 is divided by 592584?
18
Calculate the remainder when 24479148 is divided by 12239448.
252
What is the remainder when 1529281 is divided by 102?
97
What is the remainder when 327325 is divided by 4546?
13
Calculate the remainder when 40472441 is divided by 16.
9
Calculate the remainder when 132116 is divided by 860.
536
What is the remainder when 3677620 is divided by 245173?
25
Calculate the remainder when 518495 is divided by 41.
9
What is the remainder when 12550557 is divided by 80?
77
Calculate the remainder when 14652514 is divided by 11932.
18
Calculate the remainder when 2369999 is divided by 627.
566
Calculate the remainder when 260351 is divided by 2153.
1991
Calculate the remainder when 488296 is divided by 423.
154
What is the remainder when 6413367 is divided by 1068860?
207
Calculate the remainder when 47262 is divided by 7869.
48
Calculate the remainder when 26679 is divided by 6595.
299
What is the remainder when 34402049 is divided by 25?
24
What is the remainder when 16324153 is divided by 104642?
1
What is the remainder when 11307265 is divided by 319?
310
What is the remainder when 22870 is divided by 7548?
226
What is the remainder when 347932679 is divided by 120?
119
What is the remainder when 1581784803 is divided by 1241?
1239
Calculate the remainder when 131049617 is divided by 26.
23
What is the remainder when 2104158 is divided by 3711?
21
Calculate the remainder when 73399142 is divided by 1891.
1868
Calculate the remainder when 130015 is divided by 1669.
1502
Calculate the remainder when 47623821 is divided by 282.
225
What is the remainder when 232408 is divided by 785?
48
What is the remainder when 20615984 is divided by 3455?
3454
Calculate the remainder when 867171 is divided by 259.
39
Calculate the remainder when 110191 is divided by 333.
301
What is the remainder when 2428089 is divided by 97123?
14
Calculate the remainder when 1434122 is divided by 620.
62
Calculate the remainder when 52708 is divided by 8586.
1192
What is the remainder when 6456225 is divided by 1076000?
225
What is the remainder when 621189 is divided by 2889?
54
Calculate the remainder when 1113209 is divided by 531.
233
Calculate the remainder when 120381363 is divided by 21.
18
What is the remainder when 361389 is divided by 2917?
2598
Calculate the remainder when 480322 is divided by 12312.
154
Calculate the remainder when 3892133 is divided by 111.
29
What is the remainder when 140593 is divided by 278?
203
What is the remainder when 1234389 is divided by 66?
57
What is the remainder when 1775498 is divided by 2678?
2662
What is the remainder when 7591281 is divided by 1383?
1377
Calculate the remainder when 32772284 is divided by 522.
80
What is the remainder when 101184 is divided by 371?
272
What is the remainder when 71594 is divided by 71469?
125
Calculate the remainder when 47219 is divided by 7825.
269
What is the remainder when 97749176 is divided by 18?
14
What is the remainder when 199195 is divided by 66194?
613
Calculate the remainder when 33972 is divided by 3417.
3219
What is the remainder when 5776495 is divided by 9?
7
Calculate the remainder when 204286 is divided by 276.
46
Calculate the remainder when 592252 is divided by 197402.
46
Calculate the remainder when 440698 is divided by 635.
8
What is the remainder when 217787 is divided by 1331?
834
What is the remainder when 34986 is divided by 1345?
16
Calculate the remainder when 163376 is divided by 26.
18
Calculate the remainder when 2933870 is divided by 519.
482
What is the remainder when 206578 is divided by 2550?
28
Calculate the remainder when 9406430 is divided by 3135474.
8
What is the remainder when 3106497 is divided by 161?
2
Calculate the remainder when 79836 is divided by 15789.
891
What is the remainder when 109954036 is divided by 469889?
10
Calculate the remainder when 34965649 is divided by 3178693.
26
What is the remainder when 11552054 is divided by 1415?
1409
Calculate the remainder when 72960807 is divided by 236.
227
Calculate the remainder when 3426503 is divided by 807.
788
What is the remainder when 810622 is divided by 329?
295
Calculate the remainder when 186542635 is divided by 720.
715
Calculate the remainder when 97136092 is divided by 2135.
2132
Calculate the remainder when 64161816 is divided by 16040451.
12
Calculate the remainder when 10992 is divided by 1119.
921
Calculate the remainder when 16045409 is divided by 870.
869
What is the remainder when 407281 is divided by 602?
329
What is the remainder when 1082246 is divided by 333?
329
Calculate the remainder when 96290 is divided by 1045.
150
What is the remainder when 2765574 is divided by 581?
14
What is the remainder wh